{"id":23,"date":"2023-03-15T08:21:10","date_gmt":"2023-03-15T07:21:10","guid":{"rendered":"https:\/\/nowageneracja.mobitouch.pl\/?page_id=23"},"modified":"2023-03-24T13:28:46","modified_gmt":"2023-03-24T12:28:46","slug":"strona-glowna","status":"publish","type":"page","link":"https:\/\/nowageneracja.mobitouch.pl\/","title":{"rendered":"Strona g\u0142\u00f3wna"},"content":{"rendered":"","protected":false},"excerpt":{"rendered":"","protected":false},"author":1,"featured_media":0,"parent":0,"menu_order":0,"comment_status":"closed","ping_status":"closed","template":"index.php","meta":{"footnotes":""},"class_list":["post-23","page","type-page","status-publish","hentry"],"acf":{"section_1":{"hash_link":"hero","section_title":"Spo\u0142eczno\u015b\u0107 dla pocz\u0105tkuj\u0105cych w bran\u017cy IT","section_desc":"<p>Twoje przyjazne miejsce do nauki, rozwoju, inspiracji i motywacji. Nie zwlekaj. Do\u0142\u0105cz do nas!<\/p>","btn_text":"Chc\u0119 do\u0142\u0105czy\u0107","url":"https:\/\/nowageneracja.mobitouch.pl\/#cennik","section_image":120},"section_2":{"hash_link":"#jakToWyglada","section_label":"Jak to wygl\u0105da","section_title":"NowaGeneracja.it to wygodna platforma pozwalaj\u0105ca na prowadzenie interesuj\u0105cych dyskusji, wymiany do\u015bwiadcze\u0144 oraz organizacji spotka\u0144 online.","section_desc":"Rozmawiamy mi\u0119dzy innymi o narz\u0119dziach, ksi\u0105\u017ckach, kursach czy wydarzeniach. Ponadto znajdziesz tu spor\u0105 dawk\u0119 wiedzy na r\u00f3\u017cne tematy (na bie\u017c\u0105co aktualizowan\u0105). Wymieniamy si\u0119 opiniami i przemy\u015bleniami, wspieramy i motywujemy. Jednym s\u0142owem bezpieczne \u015brodowisko do rozwoju.","features_grid":[{"reversed":false,"title":"Wiedza","desc":"S\u0142owniczek poj\u0119\u0107, ciekawe artyku\u0142y, webinary i wymiana wiedzy w trakcie dyskusji na specjalnie przygotowanej do tego platformie.","image_or_icon":"image","image":151},{"reversed":false,"title":"Inspiracja","desc":"Obserwuj rozw\u00f3j innych cz\u0142onk\u00f3w spo\u0142eczno\u015bci. Zapoznaj si\u0119 z success stories os\u00f3b, kt\u00f3re z powodzeniem si\u0119 przebran\u017cowi\u0142y do IT.","image_or_icon":"icon","image":137},{"reversed":false,"title":"Motywacja","desc":"","image_or_icon":"image","image":136},{"reversed":false,"title":"Spo\u0142eczno\u015b\u0107","desc":"","image_or_icon":"image","image":138},{"reversed":true,"title":"Bezpiecze\u0144stwo","desc":"Na platformie panuje zasada wzajemnego szacunku i wspierania. Bez hejtu i bez oceniania.","image_or_icon":"image","image":150}]},"section_3":{"hash_link":"mentorzy","section_label":"Mentorzy","section_title":"Wsparcie i pomoc osobom rozpoczynaj\u0105cym karier\u0119 w bran\u017cy IT.","section_desc":""},"section_4":{"hash_link":"spolecznosc","section_label":"Spo\u0142eczno\u015b\u0107","section_title":"Nowa Generacja IT","section_desc":"To przyjazne miejsce dla wszystkich, chc\u0105cych rozszerzy\u0107 swoje kompetencje cyfrowe i przyspieszy\u0107 start lub rozw\u00f3j swojej kariery w bran\u017cy IT.","ng_features":[{"title":"Og\u0142oszenia dla junior\u00f3w","Icon":177,"desc":"Idealne miejsce dla pocz\u0105tkuj\u0105cych specjalist\u00f3w poszukuj\u0105cych pierwszych do\u015bwiadcze\u0144 zawodowych."},{"title":"Analiza Twojego CV","Icon":318,"desc":"Analiza Twojego CV i zaproponowanie wskaz\u00f3wek dotycz\u0105cych udoskonalenia dokumentu, co zwi\u0119kszy Twoje szanse na zdobycie wymarzonej pracy."},{"title":"Przydatne narz\u0119dzia","Icon":179,"desc":"Skarbnica informacji o r\u00f3\u017cnego rodzaju aplikacjach, programach i narz\u0119dziach, kt\u00f3re mog\u0105 usprawni\u0107 Twoj\u0105 prac\u0119"},{"title":"Testowa Rozmowa Rekrutacyjna","Icon":317,"desc":"Poprzez odbycie testowej rozmowy, kandydaci maj\u0105 mo\u017cliwo\u015b\u0107 \u0107wiczenia swoich umiej\u0119tno\u015bci i nabywania pewno\u015bci siebie, co przek\u0142ada si\u0119 na lepsze wyniki w rzeczywistej rozmowie."},{"title":"Kursy \/ ksi\u0105\u017cki \/ wydarzenia","Icon":178,"desc":"Miejsce, gdzie znajdziesz wiele cennych informacji na temat szkole\u0144, kurs\u00f3w, konferencji i wydarze\u0144 bran\u017cowych, kt\u00f3re pomog\u0105 Ci rozwija\u0107 swoje umiej\u0119tno\u015bci."},{"title":"Spotkania i webinary","Icon":320,"desc":"Zdobywanie wiedzy poprzez organizowanie konsultacji, mentoringu, grupowych dyskusji oraz szkole\u0144 online na tematy zwi\u0105zane ze \u015bcie\u017ckami rozwoju."}],"section_image":326},"section_5":{"hash_link":"dlaKogo","section_title":"Dla Kogo?","section_desc":"Nasza spo\u0142eczno\u015b\u0107 jest doskona\u0142ym miejscem dla os\u00f3b b\u0119d\u0105cych na etapie poszukiwania pierwszej pracy w IT lub planuj\u0105cych przebran\u017cowienie. Ponadto, osoby kt\u00f3re ju\u017c s\u0105 w bran\u017cy IT mog\u0105 skorzysta\u0107 pozyskuj\u0105c now\u0105 wiedz\u0119 i kompetencje oraz poszerzaj\u0105c swoj\u0105 sie\u0107 kontakt\u00f3w o nowe osoby - cz\u0142onk\u00f3w naszej spo\u0142eczno\u015bci.","section_subtitle":"Wi\u0119cej \u015bcie\u017cek rozwoju w ramach naszej spo\u0142eczno\u015bci ju\u017c niebawem.","carrier_label":"DO KT\u00d3REJ \u015aCIE\u017bKI DO\u0141\u0104CZYSZ?"},"section_6":{"hash_link":"dlaczegoWarto","section_title":"Dlaczego warto? ","opinion":[{"review":"Cze\u015b\u0107! Z tej strony Pawe\u0142 - pomys\u0142odawca i wsp\u00f3\u0142za\u0142o\u017cyciel spo\u0142eczno\u015bci Nowa Generacja IT. Bardzo si\u0119 ciesz\u0119, \u017ce z nami jeste\u015b. Nasz\u0105 misj\u0105 jest wykszta\u0142cenie nowej generacji specjalist\u00f3w IT. Os\u00f3b o ugruntowanej wiedzy, ogromnej motywacji i ch\u0119ci rozwoju.","avatar":332,"fullname":"Pawe\u0142 Janda","position":"Founder Nowa Generacja IT"},{"review":"Spo\u0142eczno\u015b\u0107 Nowa Generacja IT to doskona\u0142e miejsce dla os\u00f3b \u017c\u0105dnych wiedzy nt najnowszych technologii! Jako specjalista z dziedzin sztucznej inteligencji dziel\u0119 si\u0119 cenn\u0105 wiedz\u0105 i wspieram naszych cz\u0142onk\u00f3w w ich rozwoju.","avatar":331,"fullname":"Maciej Chrzanowski","position":"AI Enthusiast, Engineer"}]},"section_7":{"hash_link":"cennik","section_label":"Cennik","section_title":"Do\u0142\u0105cz do Nowej Generacji","section_desc":"<p>Przy\u0142\u0105cz si\u0119 do naszej spo\u0142eczno\u015bci i zdob\u0105d\u017a nowe umiej\u0119tno\u015bci oraz do\u015bwiadczenia<\/p>","monthly_plan":{"package_period":"PLAN MIESI\u0118CZNY","package_price":"29 PLN","package_price_suffix":"\/miesi\u0105c","package_price_info":"Sta\u0142a cena","package_button_text":"Wybieram","package_button_url":"https:\/\/checkout.stripe.com\/c\/pay\/cs_live_b1mQbjiFOvA1XKeMkVDbKR1X3wkbdjniBher4RbVloTaSNupzYnqoDGsIv#fidkdWxOYHwnPyd1blppbHNgWjA0SFZOTlBUSmlUcXdxYGJUY2Ffd1JtSGZ8d010TE1sZDQ1bzRXTDdqf2N9Rk1Vd2BCZld2TXNdSGBffDREVFNGMFVXYnwwXGI1MW92UlZ9Tn9xcTVhVGpTNTVJRjZnYGlzcycpJ3VpbGtuQH11anZgYUxhJz8nZEBQNTVPYlZJNnNsN0hAZEBPJyknd2BjYHd3YHdKd2xibGsnPydtcXF1dj8qKnJycitranJkYmBrYHdkZm9kK2xxKid4JSUl","package_content_label":"Zawiera:","package_list":[{"package_list_item":"Dost\u0119p do wszystkich kana\u0142\u00f3w i \u015bcie\u017cek"},{"package_list_item":"Dost\u0119p do spotka\u0144 online i webinar\u00f3w"},{"package_list_item":"Dost\u0119p do archiwalnych nagra\u0144"},{"package_list_item":"Przynale\u017cno\u015b\u0107 do wspania\u0142ej spo\u0142eczno\u015bci"}]},"annually_plan":{"package_period":"PLAN ROCZNY","package_safe":"Zaoszcz\u0119d\u017a 99PLN","package_price":"20,75 PLN","package_price_suffix":"\/miesi\u0105c","package_price_info":"P\u0142atne za rok z g\u00f3ry ","package_button_text":"Wybieram","package_button_url":"https:\/\/checkout.stripe.com\/c\/pay\/cs_live_a1HhoDE1a6rAaHZO6nkEzOoMK5kb8T7XjjE85MEfvuStBDcP7y44TEJwrR#fidkdWxOYHwnPyd1blppbHNgWjA0SFZOTlBUSmlUcXdxYGJUY2Ffd1JtSGZ8d010TE1sZDQ1bzRXTDdqf2N9Rk1Vd2BCZld2TXNdSGBffDREVFNGMFVXYnwwXGI1MW92UlZ9Tn9xcTVhVGpTNTVJRjZnYGlzcycpJ3VpbGtuQH11anZgYUxhJz8nNDFuZktzYUJ%2FNnNsZGMzNDEyJyknd2BjYHd3YHdKd2xibGsnPydtcXF1dj8qKnJycitranJkYmBrYHdkZm9kK2xxKid4JSUl","package_content_label":"Zawiera:","package_list":[{"package_list_item":"Dost\u0119p do wszystkich kana\u0142\u00f3w i \u015bcie\u017cek"},{"package_list_item":"Dost\u0119p do spotka\u0144 online i webinar\u00f3w"},{"package_list_item":"Dost\u0119p do archiwalnych nagra\u0144"},{"package_list_item":"Przynale\u017cno\u015b\u0107 do wspania\u0142ej spo\u0142eczno\u015bci"},{"package_list_item":"Oszcz\u0119dno\u015b\u0107 99z\u0142"},{"package_list_item":"Dodatkowe wsparcie rozwoju grupy"}]}},"section_8":{"hash_link":"faq","section_label":"FAQ","section_title":"Poznaj odpowiedzi na pytania","section_desc":"Najcz\u0119\u015bciej zadawane pytania na temat spo\u0142eczno\u015bci Nowa Generacja IT.","section_image":230,"faq_item":[{"faq_title":"Kto najwi\u0119cej skorzysta na do\u0142\u0105czeniu do spo\u0142ecznosci?","faq_desc":"<p>Najwi\u0119cej skorzystaj\u0105 osoby, kt\u00f3re planuj\u0105\u00a0si\u0119 przebran\u017cowi\u0107 i chc\u0105 pozyska\u0107 niezb\u0119dn\u0105 wiedz\u0119 z obszaru IT oraz wybranych specjalizacji. Ponadto, grupa przyniesie wiele warto\u015bci osobom, kt\u00f3re ju\u017c s\u0105 od jakiego\u015b czasu w bran\u017cy, ale chc\u0105 nadal si\u0119\u00a0rozwija\u0107 i poznawa\u0107 osoby podobne do siebie.<\/p>"},{"faq_title":"Czy osoba do\u015bwiadczona r\u00f3wnie\u017c powinna do\u0142\u0105czy\u0107?","faq_desc":"<p><span style=\"caret-color: #000000; color: #000000; font-family: system-ui, -apple-system, BlinkMacSystemFont, 'Segoe UI', Roboto, Oxygen, Ubuntu, Cantarell, 'Fira Sans', 'Droid Sans', 'Helvetica Neue', sans-serif;\">Im wi\u0119cej os\u00f3b do\u015bwiadczonych zbierzemy w ramach naszej spo\u0142eczno\u015bci, tym wi\u0119cej b\u0119d\u0105 mog\u0142y uczy\u0107 i inspirowa\u0107 si\u0119 od siebie nawzajem. Ponadto wspieranie innych, nauczanie i inspirowanie jest niesamowicie przyjemne i rozwojowe. Nic nie stoi na przeszkodzie, aby\u015b w ramach naszej spo\u0142eczno\u015bci budowa\u0142\/a swoj\u0105 mark\u0119 osobist\u0105.<\/span><\/p>"},{"faq_title":"Dlaczego dost\u0119p do spo\u0142eczno\u015bci jest p\u0142atny?","faq_desc":"<p>Wykorzystujemy nowoczesne narz\u0119dzia, kt\u00f3re w ogromnej wi\u0119kszo\u015bci s\u0105 p\u0142atn\u0119. Chcemy dostarcza\u0107 jak najwi\u0119ksz\u0105 jako\u015b\u0107, generowa\u0107 interesuj\u0105ce tre\u015bci oraz organizowa\u0107 spotkania z ekspertami. To wszystko wymaga czasu i nak\u0142adu finansowego. Ponadto, chcemy ograniczy\u0107 dost\u0119p dla os\u00f3b, kt\u00f3re nie wnios\u0105 \u017cadnej warto\u015bci do grupy, a b\u0119d\u0105 jedynie krytykowa\u0107 czy obra\u017ca\u0107 innych cz\u0142onk\u00f3w spo\u0142eczno\u015bci. Wykupienie abonamentu, jest zatem dobr\u0105 wst\u0119pn\u0105 weryfikacj\u0105 oraz wsparciem rozwoju grupy<\/p>"},{"faq_title":"Czy w dobie kryzysu taki wydatek jest uzasadniony?","faq_desc":"<p>Kryzys to idealny moment na podniesienie swoich kompetencji, nabycie nowych umiej\u0119tno\u015bci i poznawanie nowych os\u00f3b. Historycznie bran\u017ca IT najp\u00f3\u017aniej odczuwa skutki kryzysu i najszybciej z tego kryzysu wychodzi. W momencie o\u017cywienia gospodarczego oraz nowych \u015brodk\u00f3w na inwestycje, kompetencje cyfrowe b\u0119d\u0105 tymi najbardziej porz\u0105danymi. By\u0107 mo\u017ce to idealny moment \u017ceby pomy\u015ble\u0107 o zmianie bran\u017cy na IT?<\/p>"},{"faq_title":"Dlaczego powsta\u0142a ta spo\u0142eczno\u015b\u0107?","faq_desc":"<p>Nasz\u0105 misj\u0105 jest wykszta\u0142cenie\u00a0<strong>nowej<\/strong>\u00a0<strong>generacji specjalist\u00f3w IT<\/strong>. Os\u00f3b o\u00a0<strong>ugruntowanej wiedzy, ogromnej motywacji i ch\u0119ci rozwoju<\/strong>\u00a0- to w\u0142a\u015bnie takie osoby b\u0119d\u0105 mia\u0142y najwi\u0119ksze szanse na sukces w tej dynamicznie rozwijaj\u0105cej si\u0119 bran\u017cy.<\/p>"}]},"section_9":{"hash_link":"","section_title":"Masz inne pytania?","section_desc":"Je\u017celi nadal masz pytania, odezwij si\u0119 do nas na poni\u017cszy adres mailowy. Postaramy si\u0119 odpowiedzie\u0107 jak najszybciej!","button_text":"Napisz wiadomo\u015b\u0107"}},"yoast_head":"<!-- This site is optimized with the Yoast SEO plugin v20.3 - https:\/\/yoast.com\/wordpress\/plugins\/seo\/ -->\n<title>Strona g\u0142\u00f3wna - Nowa Generacja IT<\/title>\n<meta name=\"robots\" content=\"noindex, follow, max-snippet:-1, max-image-preview:large, max-video-preview:-1\" \/>\n<meta property=\"og:locale\" content=\"pl_PL\" \/>\n<meta property=\"og:type\" content=\"article\" \/>\n<meta property=\"og:title\" content=\"Strona g\u0142\u00f3wna - Nowa Generacja IT\" \/>\n<meta property=\"og:url\" content=\"https:\/\/nowageneracja.mobitouch.pl\/\" \/>\n<meta property=\"og:site_name\" content=\"Nowa Generacja IT\" \/>\n<meta property=\"article:modified_time\" content=\"2023-03-24T12:28:46+00:00\" \/>\n<meta name=\"twitter:card\" content=\"summary_large_image\" \/>\n<script type=\"application\/ld+json\" class=\"yoast-schema-graph\">{\"@context\":\"https:\/\/schema.org\",\"@graph\":[{\"@type\":\"WebPage\",\"@id\":\"https:\/\/nowageneracja.mobitouch.pl\/\",\"url\":\"https:\/\/nowageneracja.mobitouch.pl\/\",\"name\":\"Strona g\u0142\u00f3wna - Nowa Generacja IT\",\"isPartOf\":{\"@id\":\"http:\/\/nowageneracja.mobitouch.pl\/#website\"},\"datePublished\":\"2023-03-15T07:21:10+00:00\",\"dateModified\":\"2023-03-24T12:28:46+00:00\",\"breadcrumb\":{\"@id\":\"https:\/\/nowageneracja.mobitouch.pl\/#breadcrumb\"},\"inLanguage\":\"pl-PL\",\"potentialAction\":[{\"@type\":\"ReadAction\",\"target\":[\"https:\/\/nowageneracja.mobitouch.pl\/\"]}]},{\"@type\":\"BreadcrumbList\",\"@id\":\"https:\/\/nowageneracja.mobitouch.pl\/#breadcrumb\",\"itemListElement\":[{\"@type\":\"ListItem\",\"position\":1,\"name\":\"Strona g\u0142\u00f3wna\",\"item\":\"https:\/\/nowageneracja.mobitouch.pl\/\"},{\"@type\":\"ListItem\",\"position\":2,\"name\":\"Strona g\u0142\u00f3wna\"}]},{\"@type\":\"WebSite\",\"@id\":\"http:\/\/nowageneracja.mobitouch.pl\/#website\",\"url\":\"http:\/\/nowageneracja.mobitouch.pl\/\",\"name\":\"Nowa Generacja IT\",\"description\":\"Spo\u0142eczno\u015b\u0107 dla pocz\u0105tkuj\u0105cych w bran\u017cy IT\",\"publisher\":{\"@id\":\"http:\/\/nowageneracja.mobitouch.pl\/#organization\"},\"potentialAction\":[{\"@type\":\"SearchAction\",\"target\":{\"@type\":\"EntryPoint\",\"urlTemplate\":\"http:\/\/nowageneracja.mobitouch.pl\/?s={search_term_string}\"},\"query-input\":\"required name=search_term_string\"}],\"inLanguage\":\"pl-PL\"},{\"@type\":\"Organization\",\"@id\":\"http:\/\/nowageneracja.mobitouch.pl\/#organization\",\"name\":\"Nowa Generacja IT\",\"url\":\"http:\/\/nowageneracja.mobitouch.pl\/\",\"logo\":{\"@type\":\"ImageObject\",\"inLanguage\":\"pl-PL\",\"@id\":\"http:\/\/nowageneracja.mobitouch.pl\/#\/schema\/logo\/image\/\",\"url\":\"https:\/\/nowageneracja.mobitouch.pl\/wp-content\/uploads\/2023\/03\/cropped-logo.png\",\"contentUrl\":\"https:\/\/nowageneracja.mobitouch.pl\/wp-content\/uploads\/2023\/03\/cropped-logo.png\",\"width\":179,\"height\":34,\"caption\":\"Nowa Generacja IT\"},\"image\":{\"@id\":\"http:\/\/nowageneracja.mobitouch.pl\/#\/schema\/logo\/image\/\"}}]}<\/script>\n<!-- \/ Yoast SEO plugin. -->","yoast_head_json":{"title":"Strona g\u0142\u00f3wna - Nowa Generacja IT","robots":{"index":"noindex","follow":"follow","max-snippet":"max-snippet:-1","max-image-preview":"max-image-preview:large","max-video-preview":"max-video-preview:-1"},"og_locale":"pl_PL","og_type":"article","og_title":"Strona g\u0142\u00f3wna - Nowa Generacja IT","og_url":"https:\/\/nowageneracja.mobitouch.pl\/","og_site_name":"Nowa Generacja IT","article_modified_time":"2023-03-24T12:28:46+00:00","twitter_card":"summary_large_image","schema":{"@context":"https:\/\/schema.org","@graph":[{"@type":"WebPage","@id":"https:\/\/nowageneracja.mobitouch.pl\/","url":"https:\/\/nowageneracja.mobitouch.pl\/","name":"Strona g\u0142\u00f3wna - Nowa Generacja IT","isPartOf":{"@id":"http:\/\/nowageneracja.mobitouch.pl\/#website"},"datePublished":"2023-03-15T07:21:10+00:00","dateModified":"2023-03-24T12:28:46+00:00","breadcrumb":{"@id":"https:\/\/nowageneracja.mobitouch.pl\/#breadcrumb"},"inLanguage":"pl-PL","potentialAction":[{"@type":"ReadAction","target":["https:\/\/nowageneracja.mobitouch.pl\/"]}]},{"@type":"BreadcrumbList","@id":"https:\/\/nowageneracja.mobitouch.pl\/#breadcrumb","itemListElement":[{"@type":"ListItem","position":1,"name":"Strona g\u0142\u00f3wna","item":"https:\/\/nowageneracja.mobitouch.pl\/"},{"@type":"ListItem","position":2,"name":"Strona g\u0142\u00f3wna"}]},{"@type":"WebSite","@id":"http:\/\/nowageneracja.mobitouch.pl\/#website","url":"http:\/\/nowageneracja.mobitouch.pl\/","name":"Nowa Generacja IT","description":"Spo\u0142eczno\u015b\u0107 dla pocz\u0105tkuj\u0105cych w bran\u017cy IT","publisher":{"@id":"http:\/\/nowageneracja.mobitouch.pl\/#organization"},"potentialAction":[{"@type":"SearchAction","target":{"@type":"EntryPoint","urlTemplate":"http:\/\/nowageneracja.mobitouch.pl\/?s={search_term_string}"},"query-input":"required name=search_term_string"}],"inLanguage":"pl-PL"},{"@type":"Organization","@id":"http:\/\/nowageneracja.mobitouch.pl\/#organization","name":"Nowa Generacja IT","url":"http:\/\/nowageneracja.mobitouch.pl\/","logo":{"@type":"ImageObject","inLanguage":"pl-PL","@id":"http:\/\/nowageneracja.mobitouch.pl\/#\/schema\/logo\/image\/","url":"https:\/\/nowageneracja.mobitouch.pl\/wp-content\/uploads\/2023\/03\/cropped-logo.png","contentUrl":"https:\/\/nowageneracja.mobitouch.pl\/wp-content\/uploads\/2023\/03\/cropped-logo.png","width":179,"height":34,"caption":"Nowa Generacja IT"},"image":{"@id":"http:\/\/nowageneracja.mobitouch.pl\/#\/schema\/logo\/image\/"}}]}},"_links":{"self":[{"href":"https:\/\/nowageneracja.mobitouch.pl\/index.php\/wp-json\/wp\/v2\/pages\/23","targetHints":{"allow":["GET"]}}],"collection":[{"href":"https:\/\/nowageneracja.mobitouch.pl\/index.php\/wp-json\/wp\/v2\/pages"}],"about":[{"href":"https:\/\/nowageneracja.mobitouch.pl\/index.php\/wp-json\/wp\/v2\/types\/page"}],"author":[{"embeddable":true,"href":"https:\/\/nowageneracja.mobitouch.pl\/index.php\/wp-json\/wp\/v2\/users\/1"}],"replies":[{"embeddable":true,"href":"https:\/\/nowageneracja.mobitouch.pl\/index.php\/wp-json\/wp\/v2\/comments?post=23"}],"version-history":[{"count":65,"href":"https:\/\/nowageneracja.mobitouch.pl\/index.php\/wp-json\/wp\/v2\/pages\/23\/revisions"}],"predecessor-version":[{"id":350,"href":"https:\/\/nowageneracja.mobitouch.pl\/index.php\/wp-json\/wp\/v2\/pages\/23\/revisions\/350"}],"wp:attachment":[{"href":"https:\/\/nowageneracja.mobitouch.pl\/index.php\/wp-json\/wp\/v2\/media?parent=23"}],"curies":[{"name":"wp","href":"https:\/\/api.w.org\/{rel}","templated":true}]}}